Let v be 5/(-15)*21 - -2. Is v/((-10)/(-136))*-499 + -1 a composite number?
False
Suppose 2*b = -3*r - 3*b + 40, -r = -5*b. Suppose 2*j = -r, 501 = k + j - 4*j. Suppose -4*g = 7*i - 5*i - k, -492 = -2*i - g. Is i prime?
False
Let d(p) = -2*p**3 - 13*p**2 + 110*p + 110. Let h be d(-35). Is (120/(-200))/((-3)/h) composite?
False
Suppose 0 = -8*o + 7*o + 4. Suppose -25507 = -3*i + 87*q - 92*q, 0 = -5*i + o*q + 42561. Is i prime?
False
Let d = 827399 + -427768. Is d a composite number?
True
Let q = 8231 + 206052. Is q a prime number?
True
Let c be ((-1)/(-2))/(5/20). Suppose -4*l + 3305 = -87. Suppose f - 2*m - 264 - 162 = 0, -2*f = -c*m - l. Is f composite?
True
Let t = -6 - 3. Let i(o) be the second derivative of -o**5/20 - o**4/2 - 2*o**3/3 + 5*o**2 + 3*o + 11. Is i(t) composite?
True
Let z(k) = 5*k - 22. Let u be z(6). Suppose u = -4*q + f - 0, -3*f = -2*q - 14. Is (293*2/(-6))/(q/3) composite?
False
Let s(p) = -6*p**3 + p**2 + 7*p + 4. Let l = -17 + 14. Let z be s(l). Is (z/(-28))/((-2)/1396) prime?
False
Suppose 5*g - 15*s + 14*s + 44 = 0, -5*s = 5*g + 20. Is (-8)/(g/3003) + -8 prime?
False
Suppose w - 16*l = -21*l + 604819, -2*w - 4*l = -1209638. Is w composite?
False
Let w = -358 - -339. Let p(k) = -1297*k - 48. Is p(w) a prime number?
False
Let d(h) be the second derivative of 0 + 3*h - h**2 - 17/6*h**3. Is d(-5) a composite number?
False
Let u(n) = 1713*n**2 - 179*n - 1023. Is u(-7) prime?
False
Suppose 2*f = -31 + 39. Suppose 10*z - 26466 = f*z. Is z a composite number?
True
Suppose -4*i + 252 = 2*y, -3*i - 4*y = -0*i - 184. Let h = 3924 - 2511. Let k = h + i. Is k prime?
False
Let m be (-15)/(-6)*2 + -3 + -74. Let x = m - -74. Is (374/(-6))/(x/(-6)) composite?
True
Suppose -361871 = -g - 2*i + 368190, 0 = 2*i + 8. Is g prime?
True
Suppose -2*c + 5*a + 20 = -8, -c = a. Let f be ((-7199)/c)/(1/(-4)). Suppose -5*o + 8995 = 2*t, t - f = 5*o - 9*o. Is o prime?
True
Let h be 750/(-5)*(-1 - -7). Let d be 2 + (1 - h) + 2. Let b = 2464 - d. Is b prime?
True
Let y(i) = -i**3 + 6*i**2 - 6*i - 4. Let p be y(3). Suppose 0*m + p*m + 16515 = 0. Is (8/12)/((-3)/m) composite?
True
Let c(y) = -y**2 - 8*y + 17587. Let z be c(0). Let i = 58632 - z. Is i composite?
True
Let a = 1339 + -1341. Let d = 20 + -14. Is d*a/((-12)/393) a prime number?
False
Let w(v) = 1325*v**2 - 67*v + 511. Is w(12) prime?
True
Suppose -o + 3*u + 306809 = 0, -16733 - 290076 = -o - u. Is o composite?
False
Let u(y) = 10*y**3 - 110*y**2 - 126*y. Let f(z) = 2*z**3 - 22*z**2 - 25*z. Let a(c) = 11*f(c) - 2*u(c). Is a(17) composite?
True
Suppose 2*b - 3*g - 109 = 0, -2*g - 146 = -2*b - 32. Suppose -s = -0*s - b. Let h = 101 - s. Is h prime?
False
Suppose -j + 22453 = -5*v - 7171, 5*v - 88892 = -3*j. Is j prime?
True
Let v = -189 + 219. Is (-4)/v + (-181536)/(-45) prime?
False
Let x(w) = w**2 - 7*w - 3. Let a be x(9). Let l(q) = -7 - 1988*q - q**3 + 15*q**2 - 6 + 2010*q. Is l(a) prime?
True
Suppose -65 = -5*v - o, -26 = -2*v + 4*o - 7*o. Suppose -v*c = -0*c - 73697. Is c a prime number?
True
Suppose -1138591 = -82*z + 2264983. Is z prime?
True
Let z be 0 + 3 + 6/(-2). Let r = z + 2. Suppose 0 = r*p - 870 - 512. Is p a composite number?
False
Let z(t) = 217*t**2 + 15*t - 3. Let j(d) = -109*d**2 - 9*d + 2. Let o(c) = 10*j(c) + 6*z(c). Is o(-1) prime?
False
Suppose -2*o + 32 = 4*i, 5*i - 15 - 40 = -5*o. Suppose 2 = -4*z + o, 12654 = 5*t + 4*z. Let l = t + -1736. Is l a prime number?
False
Let z be 3/((-18)/10)*-18. Suppose 5*l + 3*o - z = 0, 3*o = l - o + 17. Suppose -3*m = l*m - 3342. Is m composite?
False
Suppose 302*t - 316*t = -187432. Suppose -2*l = -4*f + l + 17841, -3*f - 5*l + t = 0. Is f a prime number?
False
Suppose -26*f + 5270434 = -7046260. Is f a composite number?
False
Suppose 1364112 + 464827 = 7*q. Is q a prime number?
False
Let g = 92 + -91. Let f be ((-100)/60)/(g*1/1173). Let k = f + 2853. Is k composite?
True
Let g = -153014 - -645037. Is g composite?
True
Let v(x) = x**2 - 18*x + 18. Suppose -r + 4*b + 1 = -11, 5*r = 4*b + 76. Let l be v(r). Is 7217/2*(-12 - l) composite?
True
Let u(a) = 55*a**2 + 19*a + 5. Let x(k) = -k**2 + 2*k + 2. Let s(m) = u(m) + x(m). Is s(-8) composite?
True
Suppose -3 = 4*h - 5*s, -5*s = -16 + 1. Suppose -3718 = -h*k + 1238. Let p = k - 763. Is p composite?
True
Suppose 59*o - 63*o + 2*t = -320552, 3*t = 2*o - 160280. Is o a composite number?
True
Let z(r) be the third derivative of 11*r**4/4 + 91*r**3/6 + 18*r**2. Is z(17) a prime number?
True
Suppose -52*o - 21*o + 119*o - 2150362 = 0. Is o composite?
False
Let u(i) = 57*i + 1276. Is u(63) a prime number?
False
Suppose 3*t - 6*t + 6 = 0. Let i(c) = -9*c - 5*c**2 + 5*c - 9*c**3 + 5 + t*c. Is i(-3) a composite number?
True
Let l(i) = -3*i**2 - 25*i + 16. Let u be l(-9). Let b(t) = -180*t - 1. Is b(u) a composite number?
False
Is 6 - -2426*5*1/10 a composite number?
True
Is (-25)/(-4 - 1) + -4 + 52248 a prime number?
True
Let d(n) = -201*n - 238*n + 1 - 282*n. Let w be d(-1). Let x = -277 + w. Is x prime?
False
Let a = 130 - 135. Let d(o) = -o**2 - 9*o - 18. Let u be d(a). Suppose -2*t = u*q - 5908, -4*q + 0*t - 2*t = -11814. Is q a prime number?
True
Let b(h) be the second derivative of h**5/20 + 25*h**4/12 - 5*h**3/2 - 20*h**2 + 33*h. Let y be b(-21). Let r = -1416 + y. Is r a composite number?
True
Suppose 35785 = -8*i - 26711. Let p = 11923 + i. Is p a composite number?
False
Suppose -22*m = f - 24*m - 35805, m - 179036 = -5*f. Is f a prime number?
False
Suppose -105*o = 8668351 - 34846636. Is o prime?
True
Let d = -35 - -19. Let l = 20 + d. Is (14/l)/((-3)/(-426)) prime?
False
Is (-1)/(((-12)/(-7834))/(-6)*1/23) a prime number?
False
Suppose 0*q - 6 = -3*q. Let b be 1*(q + 4/(-2)). Suppose n + 3*n - 6244 = b. Is n prime?
False
Suppose -8*x + 53 = 21. Suppose v - 3*v - 2168 = -x*k, 4*v + 8 = 0. Is k prime?
True
Let w be (-2)/((-3)/(-210)*-4). Let g = w - 29. Let m(a) = 2*a**3 - a**2 - 3*a - 5. Is m(g) a composite number?
False
Let u(b) = 67627*b - 24. Let a be u(2). Suppose -11*v + 50769 = -a. Is v a composite number?
True
Suppose -2 = j - 3. Is 2356 + 5/j + -2 composite?
True
Suppose 5*w + 19 = 4*b, -4*b - 2*w + 2 - 4 = 0. Let r be -4 + b + -1 + 10 - 2. Suppose -r*s + 3283 + 473 = 0. Is s a composite number?
True
Let z(g) = 1339*g + 790. Is z(33) prime?
False
Let b(c) = -73*c + 102. Let t be b(9). Let z = t + 894. Is z a composite number?
True
Let t = 63 - -454. Let i = t - 28. Is i prime?
False
Suppose -4*b - 7 = -27. Let w(f) be the second derivative of 3*f**5/20 + 2*f**4/3 - 3*f**3/2 + 11*f**2/2 - 195*f. Is w(b) prime?
True
Let z(u) = -760*u**3 + 4*u**2 + 14*u - 41. Is z(-15) composite?
False
Let q(r) = 14*r**3 + 15*r**3 + 113 - 30*r**3 + 41*r - 26*r**2. Is q(-36) prime?
True
Let s be (-2)/12 - 1069220/(-120). Suppose -7*o + s = -11243. Is o a composite number?
False
Let m = 468 - 468. Suppose -12 = -4*j, 5*q + 4*j - 375 - 1542 = m. Is q composite?
True
Let y(f) = 1381*f + 26. Let u(o) = 2*o**2 + 22*o - 19. Let d be u(-12). Let b(l) = -l**2 + 7*l - 7. Let t be b(d). Is y(t) composite?
True
Let c(a) = 725*a - 202. Is c(79) a composite number?
False
Let v(i) = -9*i**2 - 20*i - 11. Let s(q) = 13*q**2 + 30*q + 16. Let h = -64 - -71. Let r(p) = h*v(p) + 5*s(p). Is r(-7) a prime number?
True
Let s(l) = -17*l**3 - 25*l**2 + 38*l - 19. Is s(-9) a composite number?
False
Let l be (-9)/108 + (-2093)/84. Let r = -25003 + 14687. Is (r/10)/(10/l) composite?
False
Let q(p) = 65*p**3 + p**2 - 14*p + 27. Let i be q(2). Suppose i = 9*u - 80. Is u a composite number?
False
Is (-10)/6 + (-276016928)/(-993) a prime number?
True
Suppose 92*p - 95*p + 3 = 0. Let k(b) = -b**2. Let o(l) = -l**3 + l**2 - 2*l + 1366. Let s(i) = p*o(i) + 3*k(i). Is s(0) prime?
False
Let r(g) = -3. Let h(l) = -89*l + 25. Let a(n) = h(n) + 3*r(n). Is a(-14) prime?
False
Suppose -694 + 2189 = -o. Let s = o + 2673. Let f = s - 697. Is f composite?
True
Suppose 0 = 246*z - 275*z + 968339. Is z prime?
True
Let o(i) = 4*i**3 - 7*i**2 + i + 11. Let l(k) = -2*k**2 - 12*k + 6. Suppose -25 = 5*s + 5. Let r be l(s). Is o(r) prime?
False
Let u be (-12)/(-42)*(-3 - -17) + -79. Is (-50748)/(-9) + -8 + u/(-9) a prime number?
True
Suppose -m = -5*l + 3, -4*l + 2*m + 6 = -3*l. Suppose 0 = g - u - 188, l = -g - 4*u + 204 - 1. Is g a prime num